{"id":409,"date":"2018-08-14T08:25:12","date_gmt":"2018-08-14T06:25:12","guid":{"rendered":"http:\/\/extendthemes.com\/demos\/mesmerize-pro-farming\/?page_id=41"},"modified":"2021-05-10T15:44:19","modified_gmt":"2021-05-10T13:44:19","slug":"kontakt","status":"publish","type":"page","link":"https:\/\/www.bio-getreide-bayern.de\/shop\/kontakt\/","title":{"rendered":"Kontakt"},"content":{"rendered":"<div  data-label=\"Features\" data-id=\"features--1\" data-export-id=\"features-13\" data-category=\"features\" class=\"features-13 content-section content-section-spacing\" id=\"features-1\" style=\"background-color: rgb(255, 255, 255); background-image: none;\"><div  class=\"gridContainer\">  <div  class=\"row spaced-cols center-sm\" data-type=\"row\"> <div  class=\"col col-sm-6 space-bottom col-md-6\">   <h3  class=\"\">Sie haben Fragen zu unseren Produkten oder rund ums Thema Bio-Landwirtschaft?<\/h3><p  class=\"lead\"><br ><span  style=\"font-family: &quot;times new roman&quot;, times, serif;\">\r\nNachhaltigkeit und Artenvielfalt ist unser Motto. Wir bewirtschaften einen kleinen viehlosen \u00d6kolandbetrieb als Familienbetrieb und haben uns auf nicht verz\u00fcchtete Urgetreidesorten spezialisiert. \r\n<br >Kartoffeln im Anbau runden unser Angebot ab. Unsere Produkte sind gentechnikfrei und ohne CO2&nbsp; oder Druckbehandlung. Beim Verarbeiten setzen wir auf schonende Prozesse wie zum Beispiel beim Mahlen auf unserer M\u00fchle. Eine langsame Mahlung hat eine sehr geringe W\u00e4rmeentstehung zur Folge und dadurch bleiben die wichtigen Bestandteile der N\u00e4hrstoffe gut erhalten. \r\n<br >Der Mahlstein ist nicht wie bei vielen M\u00fchlen Korundgebunden und daher frei von Aluminium. \r\n<br >Jedes Kilogramm Urgetreide tr\u00e4gt f\u00fcr etwa \r\n<br >acht Quadratmeter Biodiversit\u00e4t bei .\r\n<br >Im Anbau wird nicht gestriegelt, damit bestimmte Bodenbr\u00fcter in Ihrer&nbsp; Entwicklung nicht gest\u00f6rt werden.<\/span><span  style=\"font-family: &quot;times new roman&quot;, times, serif;\">Die D\u00fcngung erfolgt mit Zwischenfr\u00fcchten und es werden keine erlaubten kupferhaltige Mittel im Anbau eingesetzt. Daher ist die Folge ein h\u00f6herer Arbeitsaufwand und wir k\u00f6nnen unseren Kunden mit besten Wissen und Gewissen die Lebensmittel anbieten. F\u00fcr die Artenvielfalt sind zwischen den verschiedenen Kulturen Bl\u00fchstreifen f\u00fcr Insekten und anderen Wildtieren anges\u00e4t. In der Zukunft ist ein Insektenhotel in der alten Feldscheune angedacht.\r\n\r\n<br ><br >\r\n<\/span>Bei Fragen oder Anregungen melden Sie sich bitte bei :<br ><span  style=\"font-family: Merriweather, arial, helvetica, sans-serif;\">Biohof Rietzler\r\n<br >Sabine &amp; Ernst Rietzler<\/span><br ><span  style=\"font-family: Merriweather, arial, helvetica, sans-serif;\">\r\nBurgmahd 1<\/span><br ><span  style=\"font-family: Merriweather, arial, helvetica, sans-serif;\">\r\n86381 Hohenraunau \/ Krumbach<\/span><br ><span  style=\"font-family: Merriweather, arial, helvetica, sans-serif;\">\r\nTelefon: +49 172 59 22 44 9<\/span><span  id=\"_mce_caret\" data-mce-bogus=\"1\" data-mce-type=\"format-caret\"><span  style=\"font-family: &quot;times new roman&quot;, times, serif;\">\ufeff\r\n\r\n<br ><span  style=\"font-family: Merriweather, arial, helvetica, sans-serif;\">info@bio-getreide-bayern.de<\/span><\/span><\/span><\/p><img decoding=\"async\"  class=\"custom-image\" src=\"https:\/\/www.bio-getreide-bayern.de\/shop\/wp-content\/uploads\/2020\/12\/cropped-Biohof-Rietzler-Getreide-und-Kartoffeln-Wappen-Favicon-150x150-1-1.png\" alt=\"\" title=\"cropped-Biohof-Rietzler-Getreide-und-Kartoffeln-Wappen-Favicon-150x150-1-1.png\"><a class=\"button color1\" href=\"https:\/\/www.google.com\/maps\/place\/48%C2%B013'01.4%22N+10%C2%B021'58.0%22E\/@48.21706,10.3639093,17z\/data=!3m1!4b1!4m5!3m4!1s0x0:0x0!8m2!3d48.21706!4d10.366098?hl=de-de\" target=\"lightbox\" data-cp-link=\"1\" data-icon=\"\" rel=\"noopener\">Zeige in Karte<\/a> <img decoding=\"async\"  class=\"custom-image\" src=\"https:\/\/www.bio-getreide-bayern.de\/shop\/wp-content\/uploads\/2021\/02\/DSC00216-2.jpg\" title=\"DSC00216 (2)\" alt=\"\"><\/div>  <div  class=\"col col-sm-6 space-bottom col-md-6\">   <div  data-editable=\"true\" data-name=\"ope-custom-content-shortcode\" data-content-shortcode=\"contact-form-7 id=&quot;1093&quot; title=&quot;Kontaktformular Startseite&quot;\" class=\"\"><p class=\"wpcf7-contact-form-not-found\"><strong>Fehler:<\/strong> Kontaktformular wurde nicht gefunden.<\/p><\/div><\/div>  <\/div><\/div> <\/div>","protected":false},"excerpt":{"rendered":"<p>Sie haben Fragen zu unseren Produkten oder rund ums Thema Bio-Landwirtschaft? Nachhaltigkeit und Artenvielfalt ist unser Motto. Wir bewirtschaften einen kleinen viehlosen \u00d6kolandbetrieb als Familienbetrieb und haben uns auf nicht verz\u00fcchtete Urgetreidesorten spezialisiert. Kartoffeln im Anbau runden unser Angebot ab. Unsere Produkte sind gentechnikfrei und ohne CO2&nbsp; oder Druckbehandlung. Beim Verarbeiten setzen wir auf schonende&hellip; <br \/> <a class=\"read-more\" href=\"https:\/\/www.bio-getreide-bayern.de\/shop\/kontakt\/\">Weiterlesen<\/a><\/p>\n","protected":false},"author":1,"featured_media":0,"parent":0,"menu_order":0,"comment_status":"closed","ping_status":"closed","template":"pro\/page-templates\/full-width-page.php","meta":{"footnotes":""},"class_list":["post-409","page","type-page","status-publish","hentry"],"yoast_head":"<!-- This site is optimized with the Yoast SEO plugin v23.8 - https:\/\/yoast.com\/wordpress\/plugins\/seo\/ -->\n<title>Kontakt - Biohof Rietzler<\/title>\n<meta name=\"robots\" content=\"index, follow, max-snippet:-1, max-image-preview:large, max-video-preview:-1\" \/>\n<link rel=\"canonical\" href=\"https:\/\/www.bio-getreide-bayern.de\/shop\/kontakt\/\" \/>\n<meta property=\"og:locale\" content=\"de_DE\" \/>\n<meta property=\"og:type\" content=\"article\" \/>\n<meta property=\"og:title\" content=\"Kontakt - Biohof Rietzler\" \/>\n<meta property=\"og:description\" content=\"Sie haben Fragen zu unseren Produkten oder rund ums Thema Bio-Landwirtschaft? Nachhaltigkeit und Artenvielfalt ist unser Motto. Wir bewirtschaften einen kleinen viehlosen \u00d6kolandbetrieb als Familienbetrieb und haben uns auf nicht verz\u00fcchtete Urgetreidesorten spezialisiert. Kartoffeln im Anbau runden unser Angebot ab. Unsere Produkte sind gentechnikfrei und ohne CO2&nbsp; oder Druckbehandlung. Beim Verarbeiten setzen wir auf schonende&hellip; Weiterlesen\" \/>\n<meta property=\"og:url\" content=\"https:\/\/www.bio-getreide-bayern.de\/shop\/kontakt\/\" \/>\n<meta property=\"og:site_name\" content=\"Biohof Rietzler\" \/>\n<meta property=\"article:publisher\" content=\"https:\/\/www-bio-getreide-bayern.de\" \/>\n<meta property=\"article:modified_time\" content=\"2021-05-10T13:44:19+00:00\" \/>\n<meta property=\"og:image\" content=\"https:\/\/www.bio-getreide-bayern.de\/shop\/wp-content\/uploads\/2020\/12\/cropped-Biohof-Rietzler-Getreide-und-Kartoffeln-Wappen-Favicon-150x150-1-1.png\" \/>\n<meta name=\"twitter:card\" content=\"summary_large_image\" \/>\n<meta name=\"twitter:label1\" content=\"Gesch\u00e4tzte Lesezeit\" \/>\n\t<meta name=\"twitter:data1\" content=\"1\u00a0Minute\" \/>\n<script type=\"application\/ld+json\" class=\"yoast-schema-graph\">{\"@context\":\"https:\/\/schema.org\",\"@graph\":[{\"@type\":\"WebPage\",\"@id\":\"https:\/\/www.bio-getreide-bayern.de\/shop\/kontakt\/\",\"url\":\"https:\/\/www.bio-getreide-bayern.de\/shop\/kontakt\/\",\"name\":\"Kontakt - Biohof Rietzler\",\"isPartOf\":{\"@id\":\"https:\/\/www.bio-getreide-bayern.de\/shop\/#website\"},\"primaryImageOfPage\":{\"@id\":\"https:\/\/www.bio-getreide-bayern.de\/shop\/kontakt\/#primaryimage\"},\"image\":{\"@id\":\"https:\/\/www.bio-getreide-bayern.de\/shop\/kontakt\/#primaryimage\"},\"thumbnailUrl\":\"https:\/\/www.bio-getreide-bayern.de\/shop\/wp-content\/uploads\/2020\/12\/cropped-Biohof-Rietzler-Getreide-und-Kartoffeln-Wappen-Favicon-150x150-1-1.png\",\"datePublished\":\"2018-08-14T06:25:12+00:00\",\"dateModified\":\"2021-05-10T13:44:19+00:00\",\"breadcrumb\":{\"@id\":\"https:\/\/www.bio-getreide-bayern.de\/shop\/kontakt\/#breadcrumb\"},\"inLanguage\":\"de\",\"potentialAction\":[{\"@type\":\"ReadAction\",\"target\":[\"https:\/\/www.bio-getreide-bayern.de\/shop\/kontakt\/\"]}]},{\"@type\":\"ImageObject\",\"inLanguage\":\"de\",\"@id\":\"https:\/\/www.bio-getreide-bayern.de\/shop\/kontakt\/#primaryimage\",\"url\":\"https:\/\/www.bio-getreide-bayern.de\/shop\/wp-content\/uploads\/2020\/12\/cropped-Biohof-Rietzler-Getreide-und-Kartoffeln-Wappen-Favicon-150x150-1-1.png\",\"contentUrl\":\"https:\/\/www.bio-getreide-bayern.de\/shop\/wp-content\/uploads\/2020\/12\/cropped-Biohof-Rietzler-Getreide-und-Kartoffeln-Wappen-Favicon-150x150-1-1.png\",\"width\":150,\"height\":150,\"caption\":\"Familienwappen Rietzler seit 1737\"},{\"@type\":\"BreadcrumbList\",\"@id\":\"https:\/\/www.bio-getreide-bayern.de\/shop\/kontakt\/#breadcrumb\",\"itemListElement\":[{\"@type\":\"ListItem\",\"position\":1,\"name\":\"Startseite\",\"item\":\"https:\/\/www.bio-getreide-bayern.de\/shop\/\"},{\"@type\":\"ListItem\",\"position\":2,\"name\":\"Kontakt\"}]},{\"@type\":\"WebSite\",\"@id\":\"https:\/\/www.bio-getreide-bayern.de\/shop\/#website\",\"url\":\"https:\/\/www.bio-getreide-bayern.de\/shop\/\",\"name\":\"www.bio-getreide-bayern.de\",\"description\":\"GETREIDE &amp; KARTOFFELN AUS BAYERN\",\"publisher\":{\"@id\":\"https:\/\/www.bio-getreide-bayern.de\/shop\/#organization\"},\"potentialAction\":[{\"@type\":\"SearchAction\",\"target\":{\"@type\":\"EntryPoint\",\"urlTemplate\":\"https:\/\/www.bio-getreide-bayern.de\/shop\/?s={search_term_string}\"},\"query-input\":{\"@type\":\"PropertyValueSpecification\",\"valueRequired\":true,\"valueName\":\"search_term_string\"}}],\"inLanguage\":\"de\"},{\"@type\":\"Organization\",\"@id\":\"https:\/\/www.bio-getreide-bayern.de\/shop\/#organization\",\"name\":\"Biohof Rietzler\",\"url\":\"https:\/\/www.bio-getreide-bayern.de\/shop\/\",\"logo\":{\"@type\":\"ImageObject\",\"inLanguage\":\"de\",\"@id\":\"https:\/\/www.bio-getreide-bayern.de\/shop\/#\/schema\/logo\/image\/\",\"url\":\"https:\/\/www.bio-getreide-bayern.de\/shop\/wp-content\/uploads\/2020\/12\/Biohof-Rietzler-Getreide-und-Kartoffeln-Wappen-Favicon-150x150-1.png\",\"contentUrl\":\"https:\/\/www.bio-getreide-bayern.de\/shop\/wp-content\/uploads\/2020\/12\/Biohof-Rietzler-Getreide-und-Kartoffeln-Wappen-Favicon-150x150-1.png\",\"width\":150,\"height\":150,\"caption\":\"Biohof Rietzler\"},\"image\":{\"@id\":\"https:\/\/www.bio-getreide-bayern.de\/shop\/#\/schema\/logo\/image\/\"},\"sameAs\":[\"https:\/\/www-bio-getreide-bayern.de\",\"https:\/\/www.bio-getreide-bayern.de\"]}]}<\/script>\n<!-- \/ Yoast SEO plugin. -->","yoast_head_json":{"title":"Kontakt - Biohof Rietzler","robots":{"index":"index","follow":"follow","max-snippet":"max-snippet:-1","max-image-preview":"max-image-preview:large","max-video-preview":"max-video-preview:-1"},"canonical":"https:\/\/www.bio-getreide-bayern.de\/shop\/kontakt\/","og_locale":"de_DE","og_type":"article","og_title":"Kontakt - Biohof Rietzler","og_description":"Sie haben Fragen zu unseren Produkten oder rund ums Thema Bio-Landwirtschaft? Nachhaltigkeit und Artenvielfalt ist unser Motto. Wir bewirtschaften einen kleinen viehlosen \u00d6kolandbetrieb als Familienbetrieb und haben uns auf nicht verz\u00fcchtete Urgetreidesorten spezialisiert. Kartoffeln im Anbau runden unser Angebot ab. Unsere Produkte sind gentechnikfrei und ohne CO2&nbsp; oder Druckbehandlung. Beim Verarbeiten setzen wir auf schonende&hellip; Weiterlesen","og_url":"https:\/\/www.bio-getreide-bayern.de\/shop\/kontakt\/","og_site_name":"Biohof Rietzler","article_publisher":"https:\/\/www-bio-getreide-bayern.de","article_modified_time":"2021-05-10T13:44:19+00:00","og_image":[{"url":"https:\/\/www.bio-getreide-bayern.de\/shop\/wp-content\/uploads\/2020\/12\/cropped-Biohof-Rietzler-Getreide-und-Kartoffeln-Wappen-Favicon-150x150-1-1.png"}],"twitter_card":"summary_large_image","twitter_misc":{"Gesch\u00e4tzte Lesezeit":"1\u00a0Minute"},"schema":{"@context":"https:\/\/schema.org","@graph":[{"@type":"WebPage","@id":"https:\/\/www.bio-getreide-bayern.de\/shop\/kontakt\/","url":"https:\/\/www.bio-getreide-bayern.de\/shop\/kontakt\/","name":"Kontakt - Biohof Rietzler","isPartOf":{"@id":"https:\/\/www.bio-getreide-bayern.de\/shop\/#website"},"primaryImageOfPage":{"@id":"https:\/\/www.bio-getreide-bayern.de\/shop\/kontakt\/#primaryimage"},"image":{"@id":"https:\/\/www.bio-getreide-bayern.de\/shop\/kontakt\/#primaryimage"},"thumbnailUrl":"https:\/\/www.bio-getreide-bayern.de\/shop\/wp-content\/uploads\/2020\/12\/cropped-Biohof-Rietzler-Getreide-und-Kartoffeln-Wappen-Favicon-150x150-1-1.png","datePublished":"2018-08-14T06:25:12+00:00","dateModified":"2021-05-10T13:44:19+00:00","breadcrumb":{"@id":"https:\/\/www.bio-getreide-bayern.de\/shop\/kontakt\/#breadcrumb"},"inLanguage":"de","potentialAction":[{"@type":"ReadAction","target":["https:\/\/www.bio-getreide-bayern.de\/shop\/kontakt\/"]}]},{"@type":"ImageObject","inLanguage":"de","@id":"https:\/\/www.bio-getreide-bayern.de\/shop\/kontakt\/#primaryimage","url":"https:\/\/www.bio-getreide-bayern.de\/shop\/wp-content\/uploads\/2020\/12\/cropped-Biohof-Rietzler-Getreide-und-Kartoffeln-Wappen-Favicon-150x150-1-1.png","contentUrl":"https:\/\/www.bio-getreide-bayern.de\/shop\/wp-content\/uploads\/2020\/12\/cropped-Biohof-Rietzler-Getreide-und-Kartoffeln-Wappen-Favicon-150x150-1-1.png","width":150,"height":150,"caption":"Familienwappen Rietzler seit 1737"},{"@type":"BreadcrumbList","@id":"https:\/\/www.bio-getreide-bayern.de\/shop\/kontakt\/#breadcrumb","itemListElement":[{"@type":"ListItem","position":1,"name":"Startseite","item":"https:\/\/www.bio-getreide-bayern.de\/shop\/"},{"@type":"ListItem","position":2,"name":"Kontakt"}]},{"@type":"WebSite","@id":"https:\/\/www.bio-getreide-bayern.de\/shop\/#website","url":"https:\/\/www.bio-getreide-bayern.de\/shop\/","name":"www.bio-getreide-bayern.de","description":"GETREIDE &amp; KARTOFFELN AUS BAYERN","publisher":{"@id":"https:\/\/www.bio-getreide-bayern.de\/shop\/#organization"},"potentialAction":[{"@type":"SearchAction","target":{"@type":"EntryPoint","urlTemplate":"https:\/\/www.bio-getreide-bayern.de\/shop\/?s={search_term_string}"},"query-input":{"@type":"PropertyValueSpecification","valueRequired":true,"valueName":"search_term_string"}}],"inLanguage":"de"},{"@type":"Organization","@id":"https:\/\/www.bio-getreide-bayern.de\/shop\/#organization","name":"Biohof Rietzler","url":"https:\/\/www.bio-getreide-bayern.de\/shop\/","logo":{"@type":"ImageObject","inLanguage":"de","@id":"https:\/\/www.bio-getreide-bayern.de\/shop\/#\/schema\/logo\/image\/","url":"https:\/\/www.bio-getreide-bayern.de\/shop\/wp-content\/uploads\/2020\/12\/Biohof-Rietzler-Getreide-und-Kartoffeln-Wappen-Favicon-150x150-1.png","contentUrl":"https:\/\/www.bio-getreide-bayern.de\/shop\/wp-content\/uploads\/2020\/12\/Biohof-Rietzler-Getreide-und-Kartoffeln-Wappen-Favicon-150x150-1.png","width":150,"height":150,"caption":"Biohof Rietzler"},"image":{"@id":"https:\/\/www.bio-getreide-bayern.de\/shop\/#\/schema\/logo\/image\/"},"sameAs":["https:\/\/www-bio-getreide-bayern.de","https:\/\/www.bio-getreide-bayern.de"]}]}},"_links":{"self":[{"href":"https:\/\/www.bio-getreide-bayern.de\/shop\/wp-json\/wp\/v2\/pages\/409","targetHints":{"allow":["GET"]}}],"collection":[{"href":"https:\/\/www.bio-getreide-bayern.de\/shop\/wp-json\/wp\/v2\/pages"}],"about":[{"href":"https:\/\/www.bio-getreide-bayern.de\/shop\/wp-json\/wp\/v2\/types\/page"}],"author":[{"embeddable":true,"href":"https:\/\/www.bio-getreide-bayern.de\/shop\/wp-json\/wp\/v2\/users\/1"}],"replies":[{"embeddable":true,"href":"https:\/\/www.bio-getreide-bayern.de\/shop\/wp-json\/wp\/v2\/comments?post=409"}],"version-history":[{"count":10,"href":"https:\/\/www.bio-getreide-bayern.de\/shop\/wp-json\/wp\/v2\/pages\/409\/revisions"}],"predecessor-version":[{"id":1284,"href":"https:\/\/www.bio-getreide-bayern.de\/shop\/wp-json\/wp\/v2\/pages\/409\/revisions\/1284"}],"wp:attachment":[{"href":"https:\/\/www.bio-getreide-bayern.de\/shop\/wp-json\/wp\/v2\/media?parent=409"}],"curies":[{"name":"wp","href":"https:\/\/api.w.org\/{rel}","templated":true}]}}